2)/26)?
13
Suppose -10 = -3*c + 5. Suppose -2*b + 2*m + 2 = 0, c = 4*m + 1. Suppose 0*l - b*l + 6 = 0. What are the prime factors of l?
3
Suppose 3*i + 5*z = -10, i + 4*z = 3*z - 2. Suppose -r + i*r + 2 = 0. Suppose 0 = 2*f + f + r*j - 51, -4*f = 3*j - 68. List the prime factors of f.
17
Let t = -10 - -70. List the prime factors of t.
2, 3, 5
List the prime factors of (0 - 2) + 8 + 7.
13
What are the prime factors of 58 + 1 + -8 + 4?
5, 11
Let b = -8 - -11. Suppose -29 = -5*z + j + b, 0 = -4*j + 12. What are the prime factors of z?
7
Let t(c) = -3 - 3*c + 3 + 5 + 2*c. List the prime factors of t(-7).
2, 3
Suppose -24 = -0*t - t. Let r = -11 + t. List the prime factors of r.
13
Let r be -2*(-1)/(-4)*-2. Let a be -1*r/(-2)*0. Suppose a = 4*m - 4, 5*q - 2*m - 33 = -0*m. List the prime factors of q.
7
Suppose 3*x = 3*c - 48, 4*c - 30 = 5*x + 39. List the prime factors of c.
11
Let x(d) = -2*d + 1. Let l be (-132)/(-28) - 2/(-7). Let i = 2 - l. List the prime factors of x(i).
7
Suppose -4*w = -362 - 94. List the prime factors of w.
2, 3, 19
Suppose -t = -7*g + 2*g, 2*g = -4*t. What are the prime factors of (g + -3)*44/(-6)?
2, 11
Suppose 0 = -5*g + 123 + 67. List the prime factors of g.
2, 19
Suppose 6*y + 3*d - 15 = 2*y, -y - 1 = -4*d. Suppose -35 = -4*x - y. What are the prime factors of x?
2
Let g(c) = 20*c + 13. What are the prime factors of g(3)?
73
Let x(d) = -d**2 - 10*d. Let q be (4/(-3))/((-4)/(-12)). What are the prime factors of x(q)?
2, 3
Suppose o + o = 2*a + 14, 0 = o + a + 1. Let m(s) = o*s + 0 + 3 + 0. What are the prime factors of m(3)?
2, 3
List the prime factors of 84/4 + -3 - 1.
17
Suppose -4*l = -3 - 9. Suppose -4*w + 15 = -5*g, 4*w - 39 = l*g - 14. List the prime factors of w.
2, 5
Suppose h + 443 = 4*h - 2*u, 0 = -3*h - 3*u + 438. List the prime factors of h.
3, 7
Let o = -22 - -50. Suppose 2*f - o = -2*f. What are the prime factors of f?
7
Let i = 0 - 1. Let t = i + -4. Let p = -1 - t. What are the prime factors of p?
2
Suppose 0 = -h + 2*q - 23 + 89, -4*q = 4*h - 240. List the prime factors of h.
2, 31
Let z(j) = j**3 + 5*j**2 - 9*j - 4. Let v = -8 + 2. What are the prime factors of z(v)?
2, 7
Let b(x) = x**2 + 1. Let d be b(2). Let k(c) = 3*c**2 + 1 + 2*c**2 - 4*c**2 - 3*c. What are the prime factors of k(d)?
11
Let i be -3*(0 + (-20)/6). Suppose -5*k + 65 = -i. What are the prime factors of k?
3, 5
Let g be 2/(-1 - (-12)/8). Suppose g*a = 3*a + 30. What are the prime factors of a?
2, 3, 5
Let x be (5 - 6) + -47 + -1. Let b = x + 70. Let i = 36 - b. List the prime factors of i.
3, 5
Suppose -542 - 334 = -4*r. List the prime factors of r.
3, 73
Let q(s) = -6*s - 11. Let o(n) = n**2 - 9*n + 1. Let d be o(8). What are the prime factors of q(d)?
31
Let j = 10 - -1. Suppose 9 = 3*i - n, -4*i - 3*n = -4*n - j. Suppose -b + i*b - 5 = 0. What are the prime factors of b?
5
Suppose 3*q - 744 = 5*x, 0*x - x + 509 = 2*q. Suppose 6*g = 23 + q. List the prime factors of g.
2, 23
Let a be 64/12 + (-3)/9. Suppose a*o = o - 44. Let i = o - -24. What are the prime factors of i?
13
Let d = -437 - -622. List the prime factors of d.
5, 37
Let i(j) = -4*j**3 - 12*j**2 - 3*j + 15. Let g(c) = -3*c**3 - 11*c**2 - 3*c + 14. Let q(n) = -5*g(n) + 4*i(n). List the prime factors of q(7).
11
Let h(k) be the second derivative of -k**3 + k**2/2 - 2*k. What are the prime factors of h(-1)?
7
Let k = -3 + 5. Suppose -2*f + k*c + 4 = 0, c + 17 = 2*f + 2*f. What are the prime factors of f?
5
Suppose -2*t - 8 = -3*w + 7*w, 2*t + 8 = -3*w. Let m = 2 + w. Suppose 4*q + l - 20 = -3*l, -q + m = 2*l. What are the prime factors of q?
2
Suppose 0 = 6*o - 193 - 263. What are the prime factors of o?
2, 19
Suppose -f - 77 = -2*f. What are the prime factors of f?
7, 11
Let f be 5/7 + 2/7. Let n be f*(1 - -1) - -1. Suppose n*s + 4 = 25. List the prime factors of s.
7
Let n(r) = r**2 + 4*r - 6. Let k(d) = 4*d + 2. Let y be k(-2). Let g be n(y). What are the prime factors of 122/g + 10/(-30)?
2, 5
Let h = -6 + 3. What are the prime factors of (-2)/6*h + 8?
3
Let l be 1*(2 - -1 - 0). Suppose -n + 8 = l*n. Suppose 2*z = 3*z - n. What are the prime factors of z?
2
Suppose 8*g = 4*g + 32. Let l(s) = 5*s**2 + 9*s - 5. Let p(z) = 4*z**2 + 9*z - 5. Let f(x) = -5*l(x) + 6*p(x). List the prime factors of f(g).
3
Suppose -5*p + 2 = k, -2*p - 3 = 3*k + 17. Let c = 23 + k. List the prime factors of (54/c)/((-6)/(-15)).
3
Let t = -11 - -15. Suppose -2*c - 152 = -t*o, 2*c + 4 = 12. Suppose -2*p + o = 4*v, -5*p + p + 5*v + 41 = 0. List the prime factors of p.
2, 7
List the prime factors of ((168/35)/2)/((-6)/(-280)).
2, 7
Suppose 0 = -5*z + u + 79, 2*z + 10 = -3*u + 28. What are the prime factors of (86/(-3))/((-10)/z)?
43
Let z(b) be the first derivative of b**3/3 + 3*b**2 + 5*b + 1. Let k be z(-8). Suppose -3*o = -5*m + 3*m + k, 0 = 3*m + 2*o + 1. List the prime factors of m.
3
Let c be 16/(-10)*-1*5. Suppose a + 2*b = 4, 2*b - 9 = 3*a + 11. Let m = a + c. List the prime factors of m.
2
Let i = 1 - 1. Let n(f) = -f**3 - 9*f**2 - 7*f + 11. Let b be n(-8). Suppose i = 3*q + b*w - 18, -2*w = q + 3*q - 16. What are the prime factors of q?
2
Suppose -i + 2 = i. List the prime factors of 1/(-1)*i*-12.
2, 3
Let z = -126 - -140. List the prime factors of z.
2, 7
Let o(u) = u + 11. Let i be o(-7). Suppose -5*m + 5*s = 10, -4*m + 3*s = i*s - 12. Suppose -2*z = m*z - 16. List the prime factors of z.
2
Suppose -4*v + 8 + 56 = 0. What are the prime factors of v?
2
Let u be (-3 - -1)*3/(-6). Let w = -2 + u. List the prime factors of (-4)/w + (4 - 3).
5
Let f(q) = -54*q**3 - 2*q**2 - q. Suppose 2*x + 6 = 2*d, -8*x + 6 = -4*x + 5*d. What are the prime factors of f(x)?
53
Let g be (-6)/(-18) + (-11)/(-3). Suppose g*m + 24 = -x + 4*x, 4*x - m - 45 = 0. List the prime factors of x.
2, 3
Let v = 130 + -44. List the prime factors of v.
2, 43
Suppose y + 1 = -1. Let l be 1/y + 174/(-4). What are the prime factors of (3 - 3) + l/(-2)?
2, 11
Let m = -18 - -9. List the prime factors of (-8)/36 + (-56)/m.
2, 3
Let v(p) = p**3 - 9*p**2 - 9*p + 3. Let a = 19 - 9. What are the prime factors of v(a)?
13
Let d(l) = 30*l - 2. What are the prime factors of d(3)?
2, 11
Let t(g) = g - 9. Let o be t(7). Let n be 3 - (o*1 - -2). Let f = n + 9. List the prime factors of f.
2, 3
Let i = -31 + 53. What are the prime factors of i?
2, 11
List the prime factors of 0 - (4*-2)/4.
2
Suppose -q = -5*c + 13, 4*q + 6*c - 3*c = 40. Suppose -65 = 4*z + q. What are the prime factors of 20 - (z/(-3) - 3)?
17
Suppose -r = 3*h - 89, -2*h + 2*r - r + 61 = 0. List the prime factors of h.
2, 3, 5
Suppose -8 = 4*y - 4*u, -5*y - 4*u + 3 + 5 = 0. Suppose 4*w + y = 20. What are the prime factors of w?
5
Suppose 0 = -2*v + 3*v - 4. Let n = v - -1. List the prime factors of n + (0 - 1) + -1.
3
Suppose -4*s = -1 - 7. Suppose -z = s*z - 60. What are the prime factors of z?
2, 5
Suppose 2*x - 1 = -5. Let b = -2 - x. Suppose b*n + 40 = 5*n. What are the prime factors of n?
2
Let s(t) = t**3 + 6*t**2 - 8*t - 5. Let k be s(-6). Let l = k - 26. What are the prime factors of l?
17
Suppose 76 = c - 11. List the prime factors of c.
3, 29
Suppose -3*f + 4*c = -0 - 13, 0 = -3*f - 3*c + 6. Suppose 0 = f*i - 8*i + 55. List the prime factors of i.
11
What are the prime factors of (2 - 6) + 3 - -73?
2, 3
Suppose -3*w - 3*b + 486 = b, -2*w = b - 319. List the prime factors of w.
2, 79
Let d be 1*(0 + 0) + 0. Suppose p - r = 8, d*p - 5*r = -2*p + 16. Let x(v) = 2*v - 8. List the prime factors of x(p).
2
Let c be (-3)/(-2)*(-4)/(-2). Let n(d) = -1 - d**c + 3 + d**2 + 1. What are the prime factors of n(0)?
3
Let q be 14/10 + (-54)/(-90). List the prime factors of 45 - 1/(q/(-4)).
47
Suppose 5*v + 23 = -3*l, -4*l + 1 = -2*v - 3. Let z be 4/(-18) + 476/(-126). Let s = l - z. List the prime factors of s.
3
Suppose -8 = -3*k + k. Let v = -121 + 197. Suppose 0*r - k*r + v = 0. List the prime factors of r.
19
Let b = 211 - 69. What are the prime factors of b?
2, 71
Suppose 4*y - 2*n = 150, 2*y + 2*n - 60 = 30. List the prime factors of y.
2, 5
Let p = -62 - -119. List the prime factors of p.
3, 19
Suppose -13*f + 12*f = -2. Let x be 2/(-1) - (-4)/1. Suppose 0 = 4*r + y - 14, 0 = x*r - 4*r + 2*y + f. What are the prime factors of r?
3
Suppose 5*c = 2*z - 165, -2*c - 2*c -